 t(-3).
-98
Let o(i) = 2*i**3 + 2*i**2 - 34*i - 97. What is o(-3)?
-31
Let y(b) = -220*b + 412. Calculate y(2).
-28
Let u(c) = 260*c + 840. Give u(-3).
60
Let x(a) = -2027*a + 158119. Determine x(78).
13
Let v(i) = 14*i - 166. Give v(0).
-166
Let w(j) = -50*j - 1748. Give w(-34).
-48
Let k(g) = -22*g**3 - 5*g**2 - 11*g - 8. Determine k(-1).
20
Let p(q) = q**3 + 236*q**2 + 1391*q - 34. What is p(-6)?
-100
Let g(p) = 17*p**3 - p**2 - 3*p - 11. Calculate g(-2).
-145
Let c(y) = 2*y**3 - 38*y**2 + 181*y + 8. Determine c(10).
18
Let w(m) = -546*m + 18555. Determine w(34).
-9
Let g(d) = -d**2 - 6*d + 65. What is g(-10)?
25
Let j(n) = n**3 + 4*n**2 - 22. Calculate j(4).
106
Let o(b) = 28*b**2 - 77*b - 159. Calculate o(-2).
107
Let c(a) = -2*a**3 + 28*a**2 + 5*a - 30. Determine c(14).
40
Let y(h) = -2*h**3 - 71*h**2 + 32*h - 199. Calculate y(-36).
-55
Let t(b) = -b**2 + 77*b + 867. Determine t(-10).
-3
Let q(j) = -18*j**3 - 108*j**2 - 5*j - 9. What is q(-6)?
21
Let l(o) = o**2 - 72*o + 868. Give l(15).
13
Let j(k) = 11*k + 117. Determine j(-10).
7
Let h(n) = 2129*n**2 - 21288*n - 18. Calculate h(10).
2
Let r(o) = -o**3 - 14*o**2 - 14*o - 26. Give r(-7).
-271
Let k(o) = -118*o - 1302. Determine k(-11).
-4
Let m(p) = 4*p**2 + 255*p + 256. Calculate m(-1).
5
Let n(m) = -m**3 + 9*m**2 - 70*m + 334. Calculate n(7).
-58
Let k(y) = -10685*y - 21362. Calculate k(-2).
8
Let k(t) = -941*t - 10457. Calculate k(-11).
-106
Let c(v) = 437*v - 6505. Give c(15).
50
Let j(k) = -1402*k + 11165. Determine j(8).
-51
Let g(b) = -7*b - 172. Give g(-18).
-46
Let f(z) = -1350*z - 78301. Calculate f(-58).
-1
Let l(d) = -8*d**2 + 896*d - 1764. Determine l(2).
-4
Let r(j) = 9*j**2 - 319*j + 135. Calculate r(35).
-5
Let g(w) = 4*w**2 - 188*w + 1984. Give g(16).
0
Let g(i) = 67*i - 115. Determine g(2).
19
Let x(w) = -1342*w - 9177. Determine x(-7).
217
Let k(u) = 2*u**3 + 80*u**2 - 89*u - 264. What is k(-41)?
23
Let t(n) = -n**3 - 43*n**2 - 172*n + 93. Give t(-39).
717
Let v(o) = -2*o**2 + 25*o + 88. What is v(28)?
-780
Let c(u) = u**3 + 3*u**2 + 16*u - 14. What is c(0)?
-14
Let c(m) = -1602*m - 24021. Calculate c(-15).
9
Let y(o) = 2*o**2 + 81*o + 252. Give y(-3).
27
Let i(d) = 256*d - 49. Determine i(2).
463
Let t(f) = -f**2 + 126*f + 1402. What is t(-13)?
-405
Let b(k) = k**3 - 75*k**2 + 484*k - 53. What is b(7)?
3
Let s(t) = -t**3 + 53*t**2 - 77*t + 1039. What is s(52)?
-261
Let v(u) = u - 26. What is v(-37)?
-63
Let t(r) = r**2 - 353*r - 9027. Give t(-24).
21
Let u(n) = -n**3 - 66*n**2 + 2*n + 144. Calculate u(-66).
12
Let s(u) = -u**2 - 41*u - 93. What is s(-37)?
55
Let s(b) = b**2 - 320. Give s(-22).
164
Let m(d) = -2*d**3 - 12*d**2 - 6*d - 10. Calculate m(-5).
-30
Let z(x) = x**3 - 45*x**2 - 60*x + 480. Calculate z(46).
-164
Let i(t) = 3*t**3 + 202*t**2 + 68*t + 51. Calculate i(-67).
-16
Let p(w) = -w**3 - 4*w**2 + 129*w + 666. Calculate p(-10).
-24
Let f(b) = 13*b**2 + 4*b + 14. Give f(-8).
814
Let k(s) = 7*s**3 + 14*s**2 + 5*s - 5. What is k(-3)?
-83
Let n(s) = 2*s**3 + 26*s**2 + 15*s + 690. Determine n(-14).
88
Let k(d) = -7*d**2 + 221*d + 72. Give k(32).
-24
Let a(y) = 172*y - 3436. What is a(20)?
4
Let b(u) = -2*u**2 - 124*u - 1280. Calculate b(-49).
-6
Let t(l) = -l**3 - 8*l**2 - 2*l - 10. What is t(-3)?
-49
Let w(k) = 80*k + 282. What is w(-3)?
42
Let q(s) = -817*s + 40037. Calculate q(49).
4
Let k(w) = 1081*w + 12978. Give k(-12).
6
Let k(o) = 1105*o - 8848. Calculate k(8).
-8
Let y(t) = -17*t + 31. What is y(3)?
-20
Let p(g) = 14*g - 115. Calculate p(0).
-115
Let c(z) = -13*z**2 - 63*z + 64. Give c(1).
-12
Let s(g) = 6*g + 294. Determine s(-42).
42
Let m(k) = 4*k**2 + 68*k + 23. Give m(-17).
23
Let n(m) = -m**3 + 20*m**2 + 11*m - 234. Determine n(20).
-14
Let o(t) = -37*t + 2776. Calculate o(75).
1
Let v(j) = 3*j**2 - 22*j + 39. What is v(7)?
32
Let j(y) = 613*y**2 - 625*y + 6. Give j(1).
-6
Let v(j) = 194*j + 2521. Give v(-13).
-1
Let r(w) = -w**3 + w**2 + 39*w - 126. Give r(3).
-27
Let t(l) = -3*l**2 - 11*l + 19. Determine t(-10).
-171
Let y(s) = s**2 + 13*s + 34. What is y(-6)?
-8
Let k(m) = 2494*m - 7570. Give k(3).
-88
Let f(m) = m**3 - 11*m**2 - 9*m + 34. What is f(8)?
-230
Let f(d) = 34*d**2 - 19*d - 19. What is f(-1)?
34
Let q(d) = d**3 - 31*d**2 - 102*d + 2234. Calculate q(32).
-6
Let n(z) = -120*z**2 - 8*z - 8. Give n(-3).
-1064
Let a(i) = i**2 - 72*i + 622. What is a(62)?
2
Let b(a) = 2*a**2 - 155*a - 2145. Determine b(-12).
3
Let m(z) = z**2 - 35*z + 214. What is m(19)?
-90
Let f(h) = h**3 - 11*h**2 - 16*h + 60. Calculate f(12).
12
Let m(l) = -15*l + 210. Give m(5).
135
Let n(m) = -27*m + 246. Calculate n(10).
-24
Let n(c) = 16*c - 98. Calculate n(13).
110
Let w(s) = -s**3 + 26*s**2 - 99*s + 117. Give w(22).
-125
Let t(s) = s**3 + 15*s**2 + 49*s - 6. Calculate t(-11).
-61
Let k(o) = -29*o - 123. Calculate k(-7).
80
Let i(f) = -186*f + 6505. Give i(35).
-5
Let t(h) = -h**2 - 10*h + 234. Calculate t(12).
-30
Let m(x) = x**2 + 253*x + 13649. Calculate m(-175).
-1
Let f(u) = 1776*u + 42638. Calculate f(-24).
14
Let l(v) = -v**3 + 84*v**2 - 153*v - 914. Give l(82).
-12
Let v(i) = -85*i**3 - 1360*i**2 - 1. Calculate v(-16).
-1
Let r(m) = 2*m**3 + 11*m**2 - 240*m - 1220. What is r(-5)?
5
Let l(t) = 112*t - 516. What is l(5)?
44
Let b(d) = 524*d - 4764. Give b(9).
-48
Let v(i) = 4*i**2 + 29*i - 117. What is v(-11)?
48
Let w(p) = 9*p**2 - 14*p - 9. Give w(-3).
114
Let f(i) = -1348*i + 9434. Determine f(7).
-2
Let b(s) = s**3 - 2*s**2 - 145*s + 561. What is b(4)?
13
Let q(c) = 45*c**2 + 4*c - 1. Give q(2).
187
Let v(a) = 4*a**2 + 12*a - 7. What is v(2)?
33
Let c(n) = 590*n - 2949. What is c(5)?
1
Let j(w) = -100*w - 7132. Calculate j(-74).
268
Let h(a) = a**3 + 24*a**2 - 37*a - 21. Determine h(-25).
279
Let o(d) = 152*d + 1097. Calculate o(-7).
33
Let t(u) = 434*u - 6364. Give t(15).
146
Let v(d) = d**3 + 26*d**2 + 42*d - 140. Calculate v(-24).
4
Let a(f) = f**3 - 12*f**2 - 5*f - 22. What is a(10)?
-272
Let x(n) = -28*n - 269. Give x(-11).
39
Let p(f) = -5*f**3 - 33*f**2 + 132*f - 2. Determine p(5).
-792
Let o(m) = 2*m**2 + 70*m + 54. Determine o(-34).
-14
Let w(r) = 22*r**2 - 108*r - 4. Give w(5).
6
Let f(v) = -579*v + 40526. Give f(70).
-4
Let m(n) = -7612*n - 7610. Calculate m(-1).
2
Let l(y) = -y**2 + 28*y + 1011. Give l(-21).
-18
Let r(v) = -4*v**3 + 13*v**2 - 21*v + 10. Determine r(2).
-12
Let i(s) = 3*s**2 + 26*s - 7. Determine i(-9).
2
Let s(h) = h**3 - 11*h**2 - 2*h - 9. What is s(8)?
-217
Let a(w) = -w**3 - 87*w**2 - 89*w - 228. Calculate a(-86).
30
Let f(w) = 2*w**3 - 38*w**2 - 22*w - 4. What is f(20)?
356
Let h(z) = -z**3 + 51*z**2 + 5*z - 173. Determine h(51).
82
Let s(n) = -n**3 + 88*n**2 - 142*n - 2573. Determine s(86).
7
Let h(p) = 77*p + 34. Calculate h(-6).
-428
Let k(w) = 3*w**3 + 55*w**2 - 112*w - 1442. Give k(-19).
-36
Let o(m) = -m**3 + 50*m**2 - 97*m - 2050. Give o(47).
18
Let k(g) = -931*g + 4645. Give k(5).
-10
Let m(v) = v**2 - 649*v + 4519. Determine m(7).
25
Let o(z) = -2*z**3 + 126*z**2 - 239*z - 212. What is o(61)?
93
Let c(d) = -d**3 - 115*d**2 - 2052*d - 538. Give c(-93).
20
Let z(s) = 2*s**2 + 173*s + 3257. Determine z(-59).
12
Let b(t) = 3*t**2 + 21*t + 14. What is b(-4)?
-22
Let g(y) = -799*y - 6402. Determine g(-8).
-10
Let v(o) = -5*o**2 + 35*o. Give v(5).
50
Let z(r) = -113*r + 1692. Calculate z(15).
-3
Let m(p) = 6*p + 380. What is m(-55)?
50
Let q(p) = -p**3 + 38*p**2 + 6*p - 196. Determine q(38).
32
Let j(v) = v**3 + 24*v**2 + 135*v + 2. Determine j(-9).
2
Let a(y) = -y**3 - 32*y**2 - 119*y - 902. What is a(-29)?
26
Let d(i) = 88*i**2 + 348*i - 12. What is d(-4)?
4
Let a(l) = -19*l**2 + 212*l - 581. Determine a(5).
4
Let b(r) = 99*r - 345. Determine b(10).
645
Let o(d) = -49*d**3 + 16*d + 17. Determine o(-1).
50
Let p(z) = -13*z - 54. Give p(-15).
141
Let o(n) = n**3 + 5*n**2 - 42*n - 9. Give o(-10).
-89
Let n(p) = -261*p**3 - 2350*p**2 - 9*p + 7. Determine n(-9).
7
Let b(c) = 188*c**2 + 3*c - 2. What is b(1)?
189
Let j(v) = v**2 - 3*v - 327. Determine j(-20).
133
Let v(r) = 313*r + 11106. Determine v(-35).
151
Let p(q) = 67*q + 1257. Calculate p(-18).
51
Let c(n) = 9*n - 361. What is c(44)?
35
Let m(t) = 4*t**3 + 21*t**2 - 32*t - 188. What is m(-5)?
-3
Let r(a) = -a**3 + 26*a**2 - 4*a + 1731. Determine r(28).
51
Let